f x?
3, 7
Suppose -422 = -20*w + 238. Suppose 0 = 366*r - 355*r - w. What are the prime factors of r?
3
Let y(k) be the first derivative of 2*k**3/3 + 8*k**2 + 9*k + 4. Let w be y(-8). Suppose 7*s + 42 = w*s. List the prime factors of s.
3, 7
Let l(x) = 23*x**2 - 86*x - 795. What are the prime factors of l(-9)?
2, 3, 307
Suppose -3*g + 3*g = 5*g. Let y be 0 + 4 - g/(-7). Suppose -y*n = 4*w - 2*n - 370, 5*w = 2*n + 485. List the prime factors of w.
5, 19
Let z = -1735 - -1055. Let j = -357 - z. What are the prime factors of j?
17, 19
Let t be (-1 + -1)/(12/(-18)). Suppose 0 = 10*p - 297 + 257. Suppose 45 = 2*y + t*f, -p*f + 32 + 52 = 4*y. List the prime factors of y.
2, 3
Let j = 435 + -669. Let l = 496 - j. What are the prime factors of l?
2, 5, 73
What are the prime factors of 22*(-17)/((-153)/1854) + 5?
13, 349
Let v(s) = -s**3 + 10*s**2 + 14*s + 16. Let i be v(11). Suppose 528 = i*t - 45*t. Suppose 31 = -w + t. What are the prime factors of w?
101
What are the prime factors of 186/(-837) - (-2020)/18?
2, 7
Suppose 1894 = -6*u + 10366. Let m = -869 + u. List the prime factors of m.
3, 181
Let s be 7 - 2 - -282*(-12)/(-8). Suppose 3*h - 166 = -5*a + s, h - 208 = -5*a. List the prime factors of h.
193
Suppose 5*m = -3*f + 46862, 3*m - 46866 = -2*m + f. What are the prime factors of m?
7, 13, 103
Let d(k) = 6*k**3 - 36*k**2 + 70*k - 40. List the prime factors of d(13).
2, 3, 83
Let l = -593 + -117. What are the prime factors of (3*-1)/(4 + l/176)?
2, 11
Suppose -2*x = -4*m - 3*x + 55, 5*m = 5*x + 50. Suppose -m*p + 10794 = 8*p. What are the prime factors of p?
2, 257
Let g(d) = -15 - 2*d + 11 + 11*d. Let v be g(1). Suppose -5 = v*h, 2*h - 16 = f - 83. List the prime factors of f.
5, 13
Let r be (-24486)/28*1/((-3)/(-2)). What are the prime factors of (1 + -6 + 4)*r?
11, 53
Let b(t) = -10*t - 18. Let p be b(-26). Let n = p + 100. What are the prime factors of n?
2, 3, 19
Let n = 3561 - 2262. List the prime factors of n.
3, 433
Let c = 17033 - 518. List the prime factors of c.
3, 5, 367
Let l(i) = -994*i - 4. Let g be l(-1). Let z = 1435 - g. What are the prime factors of z?
5, 89
Suppose 11*b - 25 = -300. Let w = b - -17. What are the prime factors of (2/(-4))/(w/1424)?
89
Let w be (-960)/(-44) - 16/(-88). Suppose -4*j = 5*h - w, 6*h - 5*h - j = -1. What are the prime factors of (-5)/((-11)/20 - h/(-4))?
2, 5
Let s = 26147 + -17042. List the prime factors of s.
3, 5, 607
Suppose -4*g + 114972 = 6*g + 3*g. List the prime factors of g.
2, 3, 11, 67
Let j be -1 - 6/(-2) - 0 - -1. Let u(m) = -15*m - 7. Let v be u(j). What are the prime factors of 224/3 + v/(-12) + -4?
3, 5
Let s be 2105 + ((2/2)/(-1))/(-1). Let y = s - 1266. Suppose 14*q = 4*q + y. What are the prime factors of q?
2, 3, 7
Let v(a) = -2*a**2 + 5*a + 24. Let w be v(-3). Let x be w/12*(-1 + -27). Suppose 4*k - 407 = x. List the prime factors of k.
107
Let j = 4 + 0. Suppose 0*p - 68 = -j*p. Suppose m + p - 63 = 0. List the prime factors of m.
2, 23
Let f(w) = -2*w**3 - 20*w**2 - 33*w - 34. What are the prime factors of f(-12)?
2, 7, 67
Let q = -44206 - -70459. What are the prime factors of q?
3, 2917
Let t(n) = 4887*n - 25. What are the prime factors of t(1)?
2, 11, 13, 17
Let x be 4/(-6) + -38*(-3)/9. Suppose -x = 39*v - 43*v. Suppose -3*a = 3*u - 222, 4*u - v*a - a = 336. List the prime factors of u.
79
Suppose 0 = 6*s - 100127 - 53245. List the prime factors of s.
2, 12781
List the prime factors of 1*192870/60*(-1 - 7/(-3)).
2, 2143
Suppose -10*v - 479 = 961. Let u be (v/(-252))/((-18)/(-14) + -1). Suppose -3*t = 2*z - 376, 5*z + u*t + 2*t - 954 = 0. List the prime factors of z.
2, 97
Suppose -2*r + 44 - 10 = 0. Suppose -r*t + 15 = -12*t. Suppose t*u - 925 = -2*u. What are the prime factors of u?
5, 37
Let l be 18/(-81) - 2588/18. Let f = 126 - l. What are the prime factors of f?
2, 3, 5
Suppose 0 = -14*j + 9*j - 80. Let u = 19 + j. Suppose -10 = 2*t, -u*k - 2*t + t + 118 = 0. List the prime factors of k.
41
Let g(n) = 364*n + 1226. What are the prime factors of g(69)?
2, 13171
Suppose 0 = -2*p + 2*k + 3*k + 330, 5*k - 290 = -2*p. Let l = 386 - p. List the prime factors of l.
3, 7, 11
Let s = 386 + -396. Let y(a) = -23*a + 92. List the prime factors of y(s).
2, 7, 23
Suppose -5766 = -9*c + 24573. List the prime factors of c.
3371
Let k be (24/(-15))/(12/(-30)). Suppose -f + k = 1. Suppose 4*c = -4*l + 180, f*l = 2*c - 111 + 36. List the prime factors of c.
2, 3, 7
Let u = -73 + 12. Let h = 145 + u. Let p = 57 + h. What are the prime factors of p?
3, 47
Let b = 2170 + 838. List the prime factors of b.
2, 47
Suppose -4*c = -3*d + 27236, 213*d - 208*d + 2*c = 45350. What are the prime factors of d?
2, 3, 7
Suppose 0 = -12*w + 17*w - 25. List the prime factors of 12288/14 + 10/175*w.
2, 439
What are the prime factors of (-80)/(-12)*((6660/16)/15 - 3)?
3, 5, 11
Let t(o) = -2*o - 27. Let j(z) = -2*z**3 + 30*z**2 - 15. Let g be j(15). Let i be t(g). List the prime factors of ((-2)/i)/2*-60.
2, 5
Let j(q) = -5*q**3 - 12*q**2 - 10*q + 20. Suppose -43 - 6 = 7*t. List the prime factors of j(t).
1217
Let s(n) = -5*n - 265. Suppose -2*p - 4*k = 0, -p = 2*k - 4*k. Let j be s(p). List the prime factors of ((-9)/15)/(1/j).
3, 53
Let p = -72 + 136. Let f = p - 40. List the prime factors of f + 2/(-2) + 4.
3
Let u(f) = -f - 34. Let y be u(0). Let x = 1939 + -1825. Let a = y + x. What are the prime factors of a?
2, 5
Suppose -r - 112 = -3*r. Let m(p) = p**3 - 7*p**2 - 9*p + 10. Let y be m(8). Suppose -3*u = -y*o - 188, 3*u - 2*o = 2*u + r. List the prime factors of u.
2, 3, 11
Suppose -2*y = 2*p - 14, -4*p = -p - 12. Suppose y*r = 2*r + 5*b + 143, 5*r = 5*b + 715. List the prime factors of r.
11, 13
Suppose 105*q - 106*q - 2*g = -58928, 3*q + g = 176749. What are the prime factors of q?
2, 3, 1091
Suppose 22*p = -25*p + 52*p. Suppose -4*a = -0*l + l - 2843, 2*a + l - 1421 = p. List the prime factors of a.
3, 79
Suppose s + 5*h + 1060 = 3353, -5*h - 2313 = -s. Suppose 8*k = s + 1065. What are the prime factors of k?
421
Let l(j) = 3*j**2 - 10*j - 68. Let a be l(12). Suppose 5*w = w - 2*x + a, 3*w = 4*x + 161. What are the prime factors of w?
59
Suppose 3*s + 0*s + 3*b - 12 = 0, 0 = 3*s + 2*b - 12. Suppose -3*f + 0*o - 346 = -5*o, s*o + 589 = -5*f. Let h = f - -210. What are the prime factors of h?
3, 31
Suppose 144 + 0 = 3*b. Let g be b*((-20)/(-6) - -4). Suppose g = -2*l + 6*l. List the prime factors of l.
2, 11
Suppose -4*n - z + 5*z = -56, -5*n = 3*z - 70. Let y = n - 24. What are the prime factors of 4/y + (-1)/((-10)/604)?
2, 3, 5
Let c(f) = 1 - 13*f + 3 + 3*f**2 + 14 - 2*f**2. Let w be c(16). List the prime factors of 0 + w - (2 + -4).
2, 17
Let d be (750/20)/((-3)/4). Let q = 102 + d. Suppose q = a - 1. What are the prime factors of a?
53
Let s(m) be the first derivative of m**4/4 - 7*m**3/3 + 3*m**2/2 - 13*m - 282. What are the prime factors of s(12)?
743
Let w be (14/28)/((-2)/(-20)) + 571. Let h be ((-984)/30)/((-6)/(-75)). Let o = h + w. What are the prime factors of o?
2, 83
Let f(d) = d**3 + 45*d**2 - 17*d + 92. What are the prime factors of f(-40)?
2, 3, 17, 43
Suppose 0 = -472*m + 463*m + 25254. What are the prime factors of m?
2, 23, 61
Let c be ((-17794)/(-4))/((-28)/(-56)). Suppose 30*z - c = -527. What are the prime factors of z?
3, 31
Let d = 350 - 484. Let k = 413 + d. What are the prime factors of k?
3, 31
Suppose 5*s - 66 + 46 = 0. Suppose -5*y + 15 = 5, -4*o = -s*y - 752. Suppose -o = -x - 3*j, -547 = -5*x + 3*j + 331. List the prime factors of x.
2, 89
Let z(w) = w**2 + 22*w + 157. Let s be z(-25). Suppose s*y = 240*y - 7408. List the prime factors of y.
2, 463
Let x(n) = -2*n**3 + 2*n**2. Let c be x(1). Suppose -546*b + 550*b - 3820 = c. What are the prime factors of b?
5, 191
Suppose 30*z - 20 = 20*z. Let a(k) = 186*k - 2. List the prime factors of a(z).
2, 5, 37
Let o be (-10)/(-6)*(0 + (-39)/(-13)). Suppose -o*u + 5*v = -5230, 2*u = -v + 2*v + 2094. List the prime factors of u.
2, 131
Let z = -39610 - -69094. What are the prime factors of z?
2, 3, 7, 13
Let p be (-6611)/(-55) + (-4)/(-5). Let y = p + -120. List the prime factors of (y/2)/(-1) + (-7635)/(-30).
2, 127
Let n(g) = -30*g**3 + 2*g**2 + 9*g - 2. List the prime factors of n(-7).
3, 31, 37
Let b be (-8)/((-24)/